 is divided by 311.
278
Calculate the remainder when 19415 is divided by 413.
4
What is the remainder when 16688 is divided by 16674?
14
What is the remainder when 8038 is divided by 39?
4
What is the remainder when 34082 is divided by 124?
106
What is the remainder when 13818 is divided by 6500?
818
Calculate the remainder when 3091 is divided by 155.
146
What is the remainder when 25024 is divided by 455?
454
Calculate the remainder when 4671 is divided by 697.
489
Calculate the remainder when 944 is divided by 210.
104
What is the remainder when 21177 is divided by 15?
12
Calculate the remainder when 2626 is divided by 428.
58
Calculate the remainder when 235782 is divided by 55.
52
What is the remainder when 658 is divided by 10?
8
What is the remainder when 5709 is divided by 921?
183
What is the remainder when 172897 is divided by 161?
144
Calculate the remainder when 213464 is divided by 13341.
8
What is the remainder when 11685 is divided by 30?
15
What is the remainder when 1310 is divided by 410?
80
Calculate the remainder when 8381 is divided by 52.
9
Calculate the remainder when 7022 is divided by 1404.
2
Calculate the remainder when 48841 is divided by 1013.
217
Calculate the remainder when 4590 is divided by 322.
82
What is the remainder when 510866 is divided by 170283?
17
Calculate the remainder when 68715 is divided by 4.
3
Calculate the remainder when 2927 is divided by 9.
2
What is the remainder when 7652 is divided by 3781?
90
Calculate the remainder when 288 is divided by 23.
12
Calculate the remainder when 3624 is divided by 39.
36
Calculate the remainder when 175892 is divided by 642.
626
What is the remainder when 93540 is divided by 183?
27
What is the remainder when 31292 is divided by 3040?
892
Calculate the remainder when 51285 is divided by 111.
3
Calculate the remainder when 2269 is divided by 1090.
89
Calculate the remainder when 754230 is divided by 132.
114
What is the remainder when 249911 is divided by 216?
215
What is the remainder when 1090193 is divided by 230?
223
Calculate the remainder when 108669 is divided by 9878.
11
Calculate the remainder when 56170 is divided by 506.
4
Calculate the remainder when 150205 is divided by 389.
51
Calculate the remainder when 322659 is divided by 46.
15
What is the remainder when 26205 is divided by 391?
8
What is the remainder when 10167 is divided by 124?
123
What is the remainder when 1568 is divided by 441?
245
Calculate the remainder when 3120 is divided by 44.
40
Calculate the remainder when 18124 is divided by 9056.
12
What is the remainder when 80465 is divided by 40227?
11
What is the remainder when 5009 is divided by 690?
179
What is the remainder when 8759 is divided by 10?
9
Calculate the remainder when 22947 is divided by 48.
3
What is the remainder when 10062 is divided by 537?
396
What is the remainder when 1373219 is divided by 397?
393
Calculate the remainder when 19473 is divided by 782.
705
Calculate the remainder when 317745 is divided by 242.
241
Calculate the remainder when 213081 is divided by 139.
133
Calculate the remainder when 4545 is divided by 5.
0
Calculate the remainder when 5452 is divided by 2719.
14
Calculate the remainder when 37919 is divided by 12509.
392
Calculate the remainder when 8603 is divided by 1718.
13
What is the remainder when 1760 is divided by 128?
96
Calculate the remainder when 2412 is divided by 477.
27
What is the remainder when 61773 is divided by 24?
21
Calculate the remainder when 6561 is divided by 413.
366
What is the remainder when 6256 is divided by 2035?
151
Calculate the remainder when 18803 is divided by 56.
43
Calculate the remainder when 443808 is divided by 24656.
0
Calculate the remainder when 1692 is divided by 1132.
560
What is the remainder when 100 is divided by 46?
8
Calculate the remainder when 3124 is divided by 8.
4
Calculate the remainder when 8661 is divided by 201.
18
What is the remainder when 15079 is divided by 3573?
787
What is the remainder when 2277 is divided by 320?
37
Calculate the remainder when 16241 is divided by 16047.
194
What is the remainder when 13250 is divided by 13248?
2
What is the remainder when 4770 is divided by 4744?
26
What is the remainder when 470722 is divided by 17?
9
Calculate the remainder when 19919 is divided by 268.
87
Calculate the remainder when 18848 is divided by 18822.
26
What is the remainder when 13378 is divided by 747?
679
What is the remainder when 103951 is divided by 584?
583
What is the remainder when 4956 is divided by 358?
302
What is the remainder when 40528 is divided by 4000?
528
What is the remainder when 2804 is divided by 24?
20
What is the remainder when 4928 is divided by 58?
56
Calculate the remainder when 9277 is divided by 442.
437
What is the remainder when 152955 is divided by 13?
10
Calculate the remainder when 7610 is divided by 43.
42
What is the remainder when 26978 is divided by 432?
194
What is the remainder when 10502 is divided by 148?
142
What is the remainder when 98312 is divided by 34?
18
Calculate the remainder when 63634 is divided by 47.
43
Calculate the remainder when 286 is divided by 248.
38
Calculate the remainder when 33252 is divided by 3014.
98
What is the remainder when 29875 is divided by 1067?
1066
What is the remainder when 23194 is divided by 11587?
20
Calculate the remainder when 1993 is divided by 603.
184
Calculate the remainder when 34160 is divided by 534.
518
Calculate the remainder when 3040 is divided by 744.
64
What is the remainder when 163204 is divided by 8160?
4
What is the remainder when 187247 is divided by 14?
11
Calculate the remainder when 6480 is divided by 765.
360
Calculate the remainder when 10058 is divided by 1614.
374
What is the remainder when 3091 is divided by 66?
55
Calculate the remainder when 1053 is divided by 120.
93
Calculate the remainder when 843 is divided by 818.
25
What is the remainder when 13925 is divided by 25?
0
What is the remainder when 661870 is divided by 1059?
1054
What is the remainder when 1200 is divided by 101?
89
Calculate the remainder when 13303 is divided by 474.
31
Calculate the remainder when 30833 is divided by 35.
33
What is the remainder when 3362 is divided by 417?
26
Calculate the remainder when 12688 is divided by 38.
34
What is the remainder when 98659 is divided by 619?
238
Calculate the remainder when 49288 is divided by 54.
40
Calculate the remainder when 50932 is divided by 13.
11
Calculate the remainder when 25331 is divided by 65.
46
Calculate the remainder when 471 is divided by 139.
54
What is the remainder when 8034 is divided by 8024?
10
Calculate the remainder when 5813599 is divided by 16.
15
Calculate the remainder when 10489 is divided by 123.
34
What is the remainder when 91688 is divided by 38?
32
Calculate the remainder when 229292 is divided by 34.
30
What is the remainder when 1496 is divided by 50?
46
Calculate the remainder when 529260 is divided by 41.
32
Calculate the remainder when 65617 is divided by 142.
13
Calculate the remainder when 726 is divided by 12.
6
Calculate the remainder when 3669 is divided by 174.
15
Calculate the remainder when 14821 is divided by 14740.
81
What is the remainder when 49832 is divided by 27?
17
What is the remainder when 412475 is divided by 37?
36
What is the remainder when 6749 is divided by 25?
24
Calculate the remainder when 182625 is divided by 684.
681
Calculate the remainder when 1148927 is divided by 287231.
3
What is the remainder when 6234 is divided by 112?
74
Calculate the remainder when 7446 is divided by 119.
68
Calculate the remainder when 98977 is divided by 19.
6
What is the remainder when 24143 is divided by 228?
203
What is the remainder when 3542 is divided by 16?
6
What is the remainder when 947958 is divided by 19?
10
Calculate the remainder when 6935 is divided by 407.
16
Calculate the remainder when 144694 is divided by 8036.
46
Calculate the remainder when 2414 is divided by 2371.
43
What is the remainder when 8956447 is divided by 608?
607
What is the remainder when 477763 is divided by 45?
43
What is the remainder when 2045 is divided by 23?
21
Calculate the remainder when 529078 is divided by 1633.
1619
Calculate the remainder when 8033 is divided by